e tens digit of w(m)?
2
Let m(t) = 21*t**3 + 2*t**2 - 1. Let n be m(1). Suppose -n = -2*k + 4. Let o(b) = 2*b + 16. What is the units digit of o(k)?
2
Suppose -a - 3060 = -3*a. Suppose 0*k - a = -10*k. What is the tens digit of k?
5
What is the units digit of 14/(((-6)/(-8))/(1332/96))?
9
Let a be (-2)/8 - 420/(-16). Suppose 3*r + a = f, -3*f + 2*f + r = -16. Let d(t) = t**2 - 10*t + 16. What is the units digit of d(f)?
7
Let p be (5/5)/((-1)/(-2)). Suppose 0 = -p*j + 103 - 13. What is the units digit of j?
5
Let o be -2 - 20/(-9) - (-29680)/90. Suppose 4*p + f = 678, -o = -2*p - 3*f - 2*f. What is the hundreds digit of p?
1
Let n = 1248 + -860. What is the hundreds digit of n?
3
Let m(c) = c**3 + 19*c**2 + 27*c - 52. What is the hundreds digit of m(-14)?
5
What is the units digit of ((-14)/35)/((-4)/3800)?
0
Suppose -2*g - 2*l + 51 + 211 = 0, 5*l = -2*g + 277. Suppose 3*s - g = 2*r, 2*r - 90 = -3*s + 48. What is the units digit of s?
4
Let d(b) = 15*b - 20. Let x(f) = -f + 9. Let k be x(9). Suppose 5*h + 3*y - 25 = k, -4*h + 20 = 3*y - 5*y. What is the units digit of d(h)?
5
What is the units digit of ((-3)/3*26)/((-2)/75)?
5
Let z(r) = 2 + 6*r**2 + 80*r**2 + 3 + r - 6. What is the hundreds digit of z(2)?
3
Suppose -5 - 7 = -3*c, -162 = -z - c. What is the hundreds digit of z?
1
Let p = 3280 - 1375. What is the thousands digit of p?
1
Let u = -4 - -7. Suppose 11 + 340 = u*p. What is the tens digit of p?
1
Let l(q) = 324*q**3 - q**2 - 5*q + 5. What is the units digit of l(1)?
3
Let b = -20 + 10. What is the units digit of b/(-8) + (273/(-28))/(-13)?
2
Let l be 19/((-133)/102) - (-6)/(-14). Let q(c) = -12*c - 35. What is the hundreds digit of q(l)?
1
Let h(i) = 1. Let n(u) = 22*u + 11. Let m(c) = 3*h(c) + n(c). What is the tens digit of m(9)?
1
Let n be 1/((-3)/6) + -5. Let w(u) = -u**2 - 8*u + 8. Let h be w(n). What is the units digit of (h - 13)*(25 - 1)?
8
Suppose 0 = -2*r + 2 + 2. Suppose 5*x - 10 = 0, -r*x + 19 - 7 = 4*z. What is the units digit of z*20/8 + -4?
1
Let u(w) = -11*w**3 + 23*w**2 - 3*w + 23. What is the thousands digit of u(-7)?
4
Let m(s) = -s**2 + 9*s - 4. Let o be m(8). Suppose 16 + o = 4*c. Let f(a) = 3*a + 9. What is the tens digit of f(c)?
2
Let r(c) = c. Let s be r(5). Let a(w) = 3*w - 7. Let g(f) = -6*f + 14. Let t(b) = 5*a(b) + 2*g(b). What is the units digit of t(s)?
8
Let p(w) = w**3 - 2*w**2 - 4. Let g be p(3). Suppose -3*z + 2 = -4*d - 9, 2*d = g*z + 5. What is the units digit of d/((-5)/27) + 2?
9
Let n(t) = 37*t**2 + t - 16. What is the units digit of n(3)?
0
Let f = -1 + 8. Let h = -3 + f. Suppose -h*s + 2*s = -78. What is the units digit of s?
9
Let i(z) = -z**2 + 5*z - 2. Let j be i(3). Suppose j*d = 12*d - 528. What is the tens digit of d?
6
Let w(p) = p**3 - 7*p**2 + 2*p - 9. Let v be w(7). Suppose -4*f - v*g = -36, -5*g = -10*g. What is the units digit of f?
9
Let z(l) = -89*l**3 - 2*l**2 + 1. What is the units digit of z(-1)?
8
Suppose t = -5*k + 364, 2*k = -12*t + 11*t + 352. What is the hundreds digit of t?
3
Let u be (-6 + 3)*2/(-3). Let n(j) = j**2 + 6*j + 3. Let m be n(-6). Let l = m + u. What is the units digit of l?
5
Suppose -375 = -5*n - 5*j, -2*n + 158 = -4*j + 2*j. Let s = n - 42. What is the units digit of s?
5
Let r = 1468 + -954. Suppose -26 = 8*c - r. What is the units digit of c?
1
Suppose -2*n = -2*u + 838, 0 = 3*u - 2*n - 719 - 535. What is the hundreds digit of u?
4
Let a(o) = 583*o - 21. What is the hundreds digit of a(1)?
5
Let k(m) = m**2 + 5*m + 7. Let x(f) = f + 1. Let l(h) = 2*h**2 + 7*h + 4. Let d(c) = -l(c) + 3*x(c). Let p be d(-3). What is the tens digit of k(p)?
2
Let q(j) = 4 + 1 + 5*j**2 - 3*j**2. What is the tens digit of q(-5)?
5
What is the units digit of (-2)/6 + (-9384)/(-18)?
1
Suppose -29*g + 720 = -26*g. Suppose 4*s - g = -s. What is the tens digit of s?
4
Let x(o) = 69*o**3 + 7*o**2 - 10*o + 3. What is the units digit of x(3)?
9
Let u(o) be the first derivative of o**2/2 - 2*o - 3. Let j be u(2). Let s = j - -30. What is the units digit of s?
0
Suppose 2944 = 19*c - 799. What is the units digit of c?
7
Suppose 27*j = 2*p + 24*j - 2270, 0 = 5*p + 3*j - 5633. What is the thousands digit of p?
1
Suppose 7 = -3*i + 4, 2463 = -4*h - 3*i. What is the hundreds digit of (-3)/((-5)/h*-3)?
1
Let i(p) = 5*p**2 + 7*p - 21. Let y(o) = 4*o**2 + 8*o - 19. Let a(n) = 6*i(n) - 7*y(n). What is the units digit of a(12)?
7
Let i(c) = c - 1. Let u be i(7). Let z(t) = t**3 - 4*t**2 - 3*t - 4. Let m be z(u). Suppose -2*r - 6*w = -4*w - 24, m = 5*r + 3*w. What is the units digit of r?
7
Let k be (6/(-8))/(1/(-4)). Suppose -5 = -k*s + 1. Suppose -3*g + 4*r = -119, -s*r + 23 = -0*g + g. What is the tens digit of g?
3
Suppose 2*i = 50*i - 92928. What is the tens digit of i?
3
Suppose -5*y - 449 = -3*w + 1362, 0 = -2*y + 4. What is the hundreds digit of w?
6
Suppose 3*h + 5*j = -0*h + 202, 0 = -3*h + 2*j + 188. Let m = h + 22. What is the tens digit of m?
8
What is the hundreds digit of (-6)/(-16) - 278833/(-424)?
6
Let g = 8 + 0. What is the units digit of ((-2)/g)/(11/(-1892))?
3
Let g = 5 + 13. Suppose 62 = -17*t + g*t. What is the tens digit of t?
6
Let g(u) = 4*u + 2. Let x be g(6). Let w = 64 - x. Suppose 0*k - f + w = k, -k + 37 = 2*f. What is the units digit of k?
9
Suppose 2*l - 392 = -3*c + 3656, -8056 = -4*l + 4*c. What is the tens digit of l?
1
Let h(g) = 12*g + 115. What is the units digit of h(18)?
1
Suppose 5*c + 8*w - 30 = 3*w, -28 = -3*c - 5*w. Let z(l) = 14*l**3 + l - 2. What is the units digit of z(c)?
3
Let n = -8043 + 13641. What is the units digit of n?
8
Let h(u) = -3*u - 3. Let y be h(-2). Let t be 4 - y/(-6)*-14. What is the tens digit of 1075/20 + t/(-12)?
5
Suppose -7*t + 12138 = 14*t. What is the units digit of t?
8
Let t = -43 - -40. What is the tens digit of 23/((-2)/t + (-42)/90)?
1
Suppose -2*q + 5*u + 2301 = 0, 415 = 4*q - 3*u - 4166. Let f = q - 537. What is the units digit of f/10 - 2/(-5)?
1
Let l be (-4)/(6/((-6)/2)). Suppose b = -l*b - 126. What is the units digit of 75/2*(-28)/b?
5
Let d(l) = -3*l**2 + 60*l - 4. Let f be d(15). Suppose 8*r - f = 67. What is the units digit of r?
6
Let k(q) = q**3 - q**2 + q + 6. Let r be k(0). Let y be 10*3/r + -1. Suppose w = 7 + y. What is the tens digit of w?
1
Let t(g) = g**3 - 7*g**2 - 11*g. Let p be t(9). Suppose -p = -7*m + 175. What is the units digit of m?
4
Suppose -2*r + 4*r = 4*f - 6, 2*r = 3*f - 5. Let x(q) = 25*q - 3. What is the units digit of x(f)?
2
Suppose 0 = 3*y + 15, d + 4*d = -3*y. Suppose 2*o + 51 = d*w, w + w + 4*o = 18. What is the tens digit of ((-26)/(-3))/(10/w)?
1
Let s = -46 - -51. Suppose 2*z + s*z - 1673 = 0. What is the hundreds digit of z?
2
Suppose -9*j = 270 + 387. Let b = 105 + j. What is the tens digit of b?
3
Suppose 5*k + 52 = -l + 1, 215 = -5*l - 5*k. Let x = 9 - l. What is the tens digit of x?
5
Let y(k) = -k**3 - 25*k**2 - 2*k - 52. Let j be y(-25). What is the hundreds digit of j/(-1) - 0 - (-3683)/29?
1
Suppose -w + 3*m + 0*m = -13, 4*m + 20 = 2*w. Suppose w*s = -16, -254 = -3*n - 0*n + 5*s. What is the tens digit of n?
7
Suppose -s = -4*s + 36. Suppose -2*g = -3*g + s. What is the units digit of (-72)/3*g/(-16)?
8
Let a = -17 + 21. Let t be (-27)/3*a/(-18). Suppose 0 = -2*b - 2*b - 3*u + 13, 0 = -t*b + 3*u + 11. What is the units digit of b?
4
Suppose -15*g + 10*g = 345. Let p = g - -148. What is the tens digit of p?
7
Suppose 2*f + 121 = -3*m, 0*m = -2*m + 2. Let v be 0 - (-2 - f)/2. Let a = v + 46. What is the tens digit of a?
1
Suppose 5*q = 6*q. Suppose 2*y - 5*i = 10, q = -2*y + 4*i + 3 + 9. Suppose -19 = -z - y. What is the units digit of z?
9
Suppose 12*k = 7*k + 30. Let g be 6*1/9*k. Suppose i - g*i = -24. What is the units digit of i?
8
What is the tens digit of (72/(-15))/(21/(-980))?
2
Let h(r) = 2*r + 1. Let w be h(1). Suppose 2*d + 140 = w*g, 3*d + 7 + 49 = g. What is the units digit of g?
4
Suppose w - 2*w - 4*q = 8, -2*w = 5*q + 7. Let u be (7/(-14))/1*0. Suppose -b - w*b - 5 = u, -81 = -4*z + 5*b. What is the tens digit of z?
1
Let l(a) = 13*a**2 - 6*a + 53. What is the tens digit of l(5)?
4
Let k(x) = 15*x - x**2 - 6 - x**2 + 9 + 12*x**2 - x**3. What is the tens digit of k(11)?
4
Let b(s) = -6*s - 33. Let a be b(-6). Suppose a*p - p - 520 = 0. What is the